{"id":17361,"date":"2025-04-03T17:41:30","date_gmt":"2025-04-03T15:41:30","guid":{"rendered":"https:\/\/fredloc36.com\/?post_type=product&#038;p=17361"},"modified":"2025-04-03T17:43:40","modified_gmt":"2025-04-03T15:43:40","slug":"fauteuils-emmanuel","status":"publish","type":"product","link":"https:\/\/fredloc36.com\/index.php\/produit\/fauteuils-emmanuel\/","title":{"rendered":"Fauteuils Emmanuel"},"content":{"rendered":"<p>40\u20ac x 2<\/p>\n","protected":false},"excerpt":{"rendered":"<p>40\u20ac x 2<\/p>\n","protected":false},"featured_media":17362,"template":"","meta":[],"product_brand":[],"product_cat":[38],"product_tag":[],"class_list":{"0":"post-17361","1":"product","2":"type-product","3":"status-publish","4":"has-post-thumbnail","6":"product_cat-deco_buffet","8":"first","9":"instock","10":"shipping-taxable","11":"product-type-simple"},"yoast_head":"<!-- This site is optimized with the Yoast SEO plugin v27.4 - https:\/\/yoast.com\/product\/yoast-seo-wordpress\/ -->\n<title>Fauteuils Emmanuel en location- Fred\u2019loc 36<\/title>\n<meta name=\"description\" content=\"Location de mat\u00e9riel \u00e9v\u00e8nementiel - Fred\u2019loc 36 - Recevez vos amis, vos convives pour un anniversaire, un mariage, garden-party, vin d\u2019honneur, r\u00e9veillons ou toutes autres f\u00eates\" \/>\n<meta name=\"robots\" content=\"index, follow, max-snippet:-1, max-image-preview:large, max-video-preview:-1\" \/>\n<link rel=\"canonical\" href=\"https:\/\/fredloc36.com\/index.php\/produit\/fauteuils-emmanuel\/\" \/>\n<meta property=\"og:locale\" content=\"fr_FR\" \/>\n<meta property=\"og:type\" content=\"article\" \/>\n<meta property=\"og:title\" content=\"Fauteuils Emmanuel en location- Fred\u2019loc 36\" \/>\n<meta property=\"og:description\" content=\"Location de mat\u00e9riel \u00e9v\u00e8nementiel - Fred\u2019loc 36 - Recevez vos amis, vos convives pour un anniversaire, un mariage, garden-party, vin d\u2019honneur, r\u00e9veillons ou toutes autres f\u00eates\" \/>\n<meta property=\"og:url\" content=\"https:\/\/fredloc36.com\/index.php\/produit\/fauteuils-emmanuel\/\" \/>\n<meta property=\"og:site_name\" content=\"Fred\u2019loc 36\" \/>\n<meta property=\"article:publisher\" content=\"https:\/\/www.facebook.com\/fredamelie\" \/>\n<meta property=\"article:modified_time\" content=\"2025-04-03T15:43:40+00:00\" \/>\n<meta property=\"og:image\" content=\"https:\/\/fredloc36.com\/wp-content\/uploads\/2025\/04\/2593021841348439940.jpg\" \/>\n\t<meta property=\"og:image:width\" content=\"1200\" \/>\n\t<meta property=\"og:image:height\" content=\"1600\" \/>\n\t<meta property=\"og:image:type\" content=\"image\/jpeg\" \/>\n<meta name=\"twitter:card\" content=\"summary_large_image\" \/>\n<meta name=\"twitter:label1\" content=\"Dur\u00e9e de lecture estim\u00e9e\" \/>\n\t<meta name=\"twitter:data1\" content=\"1 minute\" \/>\n<script type=\"application\/ld+json\" class=\"yoast-schema-graph\">{\"@context\":\"https:\\\/\\\/schema.org\",\"@graph\":[{\"@type\":\"WebPage\",\"@id\":\"https:\\\/\\\/fredloc36.com\\\/index.php\\\/produit\\\/fauteuils-emmanuel\\\/\",\"url\":\"https:\\\/\\\/fredloc36.com\\\/index.php\\\/produit\\\/fauteuils-emmanuel\\\/\",\"name\":\"Fauteuils Emmanuel en location- Fred\u2019loc 36\",\"isPartOf\":{\"@id\":\"https:\\\/\\\/fredloc36.com\\\/#website\"},\"primaryImageOfPage\":{\"@id\":\"https:\\\/\\\/fredloc36.com\\\/index.php\\\/produit\\\/fauteuils-emmanuel\\\/#primaryimage\"},\"image\":{\"@id\":\"https:\\\/\\\/fredloc36.com\\\/index.php\\\/produit\\\/fauteuils-emmanuel\\\/#primaryimage\"},\"thumbnailUrl\":\"https:\\\/\\\/fredloc36.com\\\/wp-content\\\/uploads\\\/2025\\\/04\\\/2593021841348439940.jpg\",\"datePublished\":\"2025-04-03T15:41:30+00:00\",\"dateModified\":\"2025-04-03T15:43:40+00:00\",\"description\":\"Location de mat\u00e9riel \u00e9v\u00e8nementiel - Fred\u2019loc 36 - Recevez vos amis, vos convives pour un anniversaire, un mariage, garden-party, vin d\u2019honneur, r\u00e9veillons ou toutes autres f\u00eates\",\"breadcrumb\":{\"@id\":\"https:\\\/\\\/fredloc36.com\\\/index.php\\\/produit\\\/fauteuils-emmanuel\\\/#breadcrumb\"},\"inLanguage\":\"fr-FR\",\"potentialAction\":[{\"@type\":\"ReadAction\",\"target\":[\"https:\\\/\\\/fredloc36.com\\\/index.php\\\/produit\\\/fauteuils-emmanuel\\\/\"]}]},{\"@type\":\"ImageObject\",\"inLanguage\":\"fr-FR\",\"@id\":\"https:\\\/\\\/fredloc36.com\\\/index.php\\\/produit\\\/fauteuils-emmanuel\\\/#primaryimage\",\"url\":\"https:\\\/\\\/fredloc36.com\\\/wp-content\\\/uploads\\\/2025\\\/04\\\/2593021841348439940.jpg\",\"contentUrl\":\"https:\\\/\\\/fredloc36.com\\\/wp-content\\\/uploads\\\/2025\\\/04\\\/2593021841348439940.jpg\",\"width\":1200,\"height\":1600,\"caption\":\"Fauteuils Emmanuel\"},{\"@type\":\"BreadcrumbList\",\"@id\":\"https:\\\/\\\/fredloc36.com\\\/index.php\\\/produit\\\/fauteuils-emmanuel\\\/#breadcrumb\",\"itemListElement\":[{\"@type\":\"ListItem\",\"position\":1,\"name\":\"Accueil\",\"item\":\"https:\\\/\\\/fredloc36.com\\\/\"},{\"@type\":\"ListItem\",\"position\":2,\"name\":\"Produits\",\"item\":\"https:\\\/\\\/fredloc36.com\\\/index.php\\\/shop\\\/\"},{\"@type\":\"ListItem\",\"position\":3,\"name\":\"Fauteuils Emmanuel\"}]},{\"@type\":\"WebSite\",\"@id\":\"https:\\\/\\\/fredloc36.com\\\/#website\",\"url\":\"https:\\\/\\\/fredloc36.com\\\/\",\"name\":\"Fred\u2019loc 36\",\"description\":\"Location de materiel\",\"publisher\":{\"@id\":\"https:\\\/\\\/fredloc36.com\\\/#organization\"},\"alternateName\":\"Fred'loc\",\"potentialAction\":[{\"@type\":\"SearchAction\",\"target\":{\"@type\":\"EntryPoint\",\"urlTemplate\":\"https:\\\/\\\/fredloc36.com\\\/?s={search_term_string}\"},\"query-input\":{\"@type\":\"PropertyValueSpecification\",\"valueRequired\":true,\"valueName\":\"search_term_string\"}}],\"inLanguage\":\"fr-FR\"},{\"@type\":\"Organization\",\"@id\":\"https:\\\/\\\/fredloc36.com\\\/#organization\",\"name\":\"Fred\u2019loc 36\",\"alternateName\":\"Fredloc\",\"url\":\"https:\\\/\\\/fredloc36.com\\\/\",\"logo\":{\"@type\":\"ImageObject\",\"inLanguage\":\"fr-FR\",\"@id\":\"https:\\\/\\\/fredloc36.com\\\/#\\\/schema\\\/logo\\\/image\\\/\",\"url\":\"https:\\\/\\\/fredloc36.com\\\/wp-content\\\/uploads\\\/2022\\\/10\\\/Logo.png\",\"contentUrl\":\"https:\\\/\\\/fredloc36.com\\\/wp-content\\\/uploads\\\/2022\\\/10\\\/Logo.png\",\"width\":530,\"height\":530,\"caption\":\"Fred\u2019loc 36\"},\"image\":{\"@id\":\"https:\\\/\\\/fredloc36.com\\\/#\\\/schema\\\/logo\\\/image\\\/\"},\"sameAs\":[\"https:\\\/\\\/www.facebook.com\\\/fredamelie\"]}]}<\/script>\n<!-- \/ Yoast SEO plugin. -->","yoast_head_json":{"title":"Fauteuils Emmanuel en location- Fred\u2019loc 36","description":"Location de mat\u00e9riel \u00e9v\u00e8nementiel - Fred\u2019loc 36 - Recevez vos amis, vos convives pour un anniversaire, un mariage, garden-party, vin d\u2019honneur, r\u00e9veillons ou toutes autres f\u00eates","robots":{"index":"index","follow":"follow","max-snippet":"max-snippet:-1","max-image-preview":"max-image-preview:large","max-video-preview":"max-video-preview:-1"},"canonical":"https:\/\/fredloc36.com\/index.php\/produit\/fauteuils-emmanuel\/","og_locale":"fr_FR","og_type":"article","og_title":"Fauteuils Emmanuel en location- Fred\u2019loc 36","og_description":"Location de mat\u00e9riel \u00e9v\u00e8nementiel - Fred\u2019loc 36 - Recevez vos amis, vos convives pour un anniversaire, un mariage, garden-party, vin d\u2019honneur, r\u00e9veillons ou toutes autres f\u00eates","og_url":"https:\/\/fredloc36.com\/index.php\/produit\/fauteuils-emmanuel\/","og_site_name":"Fred\u2019loc 36","article_publisher":"https:\/\/www.facebook.com\/fredamelie","article_modified_time":"2025-04-03T15:43:40+00:00","og_image":[{"width":1200,"height":1600,"url":"https:\/\/fredloc36.com\/wp-content\/uploads\/2025\/04\/2593021841348439940.jpg","type":"image\/jpeg"}],"twitter_card":"summary_large_image","twitter_misc":{"Dur\u00e9e de lecture estim\u00e9e":"1 minute"},"schema":{"@context":"https:\/\/schema.org","@graph":[{"@type":"WebPage","@id":"https:\/\/fredloc36.com\/index.php\/produit\/fauteuils-emmanuel\/","url":"https:\/\/fredloc36.com\/index.php\/produit\/fauteuils-emmanuel\/","name":"Fauteuils Emmanuel en location- Fred\u2019loc 36","isPartOf":{"@id":"https:\/\/fredloc36.com\/#website"},"primaryImageOfPage":{"@id":"https:\/\/fredloc36.com\/index.php\/produit\/fauteuils-emmanuel\/#primaryimage"},"image":{"@id":"https:\/\/fredloc36.com\/index.php\/produit\/fauteuils-emmanuel\/#primaryimage"},"thumbnailUrl":"https:\/\/fredloc36.com\/wp-content\/uploads\/2025\/04\/2593021841348439940.jpg","datePublished":"2025-04-03T15:41:30+00:00","dateModified":"2025-04-03T15:43:40+00:00","description":"Location de mat\u00e9riel \u00e9v\u00e8nementiel - Fred\u2019loc 36 - Recevez vos amis, vos convives pour un anniversaire, un mariage, garden-party, vin d\u2019honneur, r\u00e9veillons ou toutes autres f\u00eates","breadcrumb":{"@id":"https:\/\/fredloc36.com\/index.php\/produit\/fauteuils-emmanuel\/#breadcrumb"},"inLanguage":"fr-FR","potentialAction":[{"@type":"ReadAction","target":["https:\/\/fredloc36.com\/index.php\/produit\/fauteuils-emmanuel\/"]}]},{"@type":"ImageObject","inLanguage":"fr-FR","@id":"https:\/\/fredloc36.com\/index.php\/produit\/fauteuils-emmanuel\/#primaryimage","url":"https:\/\/fredloc36.com\/wp-content\/uploads\/2025\/04\/2593021841348439940.jpg","contentUrl":"https:\/\/fredloc36.com\/wp-content\/uploads\/2025\/04\/2593021841348439940.jpg","width":1200,"height":1600,"caption":"Fauteuils Emmanuel"},{"@type":"BreadcrumbList","@id":"https:\/\/fredloc36.com\/index.php\/produit\/fauteuils-emmanuel\/#breadcrumb","itemListElement":[{"@type":"ListItem","position":1,"name":"Accueil","item":"https:\/\/fredloc36.com\/"},{"@type":"ListItem","position":2,"name":"Produits","item":"https:\/\/fredloc36.com\/index.php\/shop\/"},{"@type":"ListItem","position":3,"name":"Fauteuils Emmanuel"}]},{"@type":"WebSite","@id":"https:\/\/fredloc36.com\/#website","url":"https:\/\/fredloc36.com\/","name":"Fred\u2019loc 36","description":"Location de materiel","publisher":{"@id":"https:\/\/fredloc36.com\/#organization"},"alternateName":"Fred'loc","potentialAction":[{"@type":"SearchAction","target":{"@type":"EntryPoint","urlTemplate":"https:\/\/fredloc36.com\/?s={search_term_string}"},"query-input":{"@type":"PropertyValueSpecification","valueRequired":true,"valueName":"search_term_string"}}],"inLanguage":"fr-FR"},{"@type":"Organization","@id":"https:\/\/fredloc36.com\/#organization","name":"Fred\u2019loc 36","alternateName":"Fredloc","url":"https:\/\/fredloc36.com\/","logo":{"@type":"ImageObject","inLanguage":"fr-FR","@id":"https:\/\/fredloc36.com\/#\/schema\/logo\/image\/","url":"https:\/\/fredloc36.com\/wp-content\/uploads\/2022\/10\/Logo.png","contentUrl":"https:\/\/fredloc36.com\/wp-content\/uploads\/2022\/10\/Logo.png","width":530,"height":530,"caption":"Fred\u2019loc 36"},"image":{"@id":"https:\/\/fredloc36.com\/#\/schema\/logo\/image\/"},"sameAs":["https:\/\/www.facebook.com\/fredamelie"]}]}},"_links":{"self":[{"href":"https:\/\/fredloc36.com\/index.php\/wp-json\/wp\/v2\/product\/17361","targetHints":{"allow":["GET"]}}],"collection":[{"href":"https:\/\/fredloc36.com\/index.php\/wp-json\/wp\/v2\/product"}],"about":[{"href":"https:\/\/fredloc36.com\/index.php\/wp-json\/wp\/v2\/types\/product"}],"wp:featuredmedia":[{"embeddable":true,"href":"https:\/\/fredloc36.com\/index.php\/wp-json\/wp\/v2\/media\/17362"}],"wp:attachment":[{"href":"https:\/\/fredloc36.com\/index.php\/wp-json\/wp\/v2\/media?parent=17361"}],"wp:term":[{"taxonomy":"product_brand","embeddable":true,"href":"https:\/\/fredloc36.com\/index.php\/wp-json\/wp\/v2\/product_brand?post=17361"},{"taxonomy":"product_cat","embeddable":true,"href":"https:\/\/fredloc36.com\/index.php\/wp-json\/wp\/v2\/product_cat?post=17361"},{"taxonomy":"product_tag","embeddable":true,"href":"https:\/\/fredloc36.com\/index.php\/wp-json\/wp\/v2\/product_tag?post=17361"}],"curies":[{"name":"wp","href":"https:\/\/api.w.org\/{rel}","templated":true}]}}